{"id":10134,"date":"2021-08-20T09:09:53","date_gmt":"2021-08-20T09:09:53","guid":{"rendered":"https:\/\/moveisantunes.com\/?product=colchao-atlantia-latex"},"modified":"2021-08-20T10:06:13","modified_gmt":"2021-08-20T10:06:13","slug":"colchao-atlantia-latex","status":"publish","type":"product","link":"https:\/\/moveisantunes.com\/?product=colchao-atlantia-latex","title":{"rendered":"Colch\u00e3o Atlantia Latex"},"content":{"rendered":"<table class=\"content-table\" style=\"box-sizing: border-box; border-collapse: collapse; border-spacing: 0px; background-color: rgb(255, 255, 255); color: rgb(51, 51, 51); font-family: &quot;Helvetica Neue&quot;, Helvetica, Arial, sans-serif; font-size: 14px; font-style: normal; font-variant-ligatures: normal; font-variant-caps: normal; font-weight: 400; letter-spacing: normal; orphans: 2; text-align: start; text-transform: none; white-space: normal; widows: 2; word-spacing: 0px; -webkit-text-stroke-width: 0px; text-decoration-thickness: initial; text-decoration-style: initial; text-decoration-color: initial; width: 1190px;\" cellspacing=\"1\" cellpadding=\"1\" border=\"0\">\n<tbody style=\"box-sizing: border-box;\">\n<tr style=\"box-sizing: border-box;\">\n<td style=\"box-sizing: border-box; padding: 0px; width: 585.538px; vertical-align: top;\">\n<table class=\"content-table\" style=\"box-sizing: border-box; border-collapse: collapse; border-spacing: 0px; background-color: rgb(255, 255, 255); color: rgb(51, 51, 51); font-family: &quot;Helvetica Neue&quot;, Helvetica, Arial, sans-serif; font-size: 14px; font-style: normal; font-variant-ligatures: normal; font-variant-caps: normal; font-weight: 400; letter-spacing: normal; orphans: 2; text-align: start; text-transform: none; white-space: normal; widows: 2; word-spacing: 0px; -webkit-text-stroke-width: 0px; text-decoration-thickness: initial; text-decoration-style: initial; text-decoration-color: initial; width: 1190px;\" cellspacing=\"1\" cellpadding=\"1\" border=\"0\">\n<tbody style=\"box-sizing: border-box;\">\n<tr style=\"box-sizing: border-box;\">\n<td style=\"box-sizing: border-box; padding: 0px; width: 595px; vertical-align: top;\">\n<p style=\"box-sizing: border-box; margin: 0px; padding: 0px; border: 0px; resize: none; color: rgb(34, 34, 33); font-family: centralesansrndbook; font-size: 15px; line-height: 17px;\"><strong style=\"box-sizing: border-box; font-weight: bold;\">Atlantia Latex<span>&nbsp;<\/span><\/strong>\u00e9 um colch\u00e3o com n\u00facleo totalmente ortop\u00e9dico em L\u00e1tex Natural de alta densidade, hipo-alerg\u00e9nico e com 7 zonas distintas de conforto ergon\u00f3mico, para maior adaptabilidade ao seu corpo.<\/p>\n<p style=\"box-sizing: border-box; margin: 0px; padding: 0px; border: 0px; resize: none; color: rgb(34, 34, 33); font-family: centralesansrndbook; font-size: 15px; line-height: 17px;\">&nbsp;<\/p>\n<p style=\"box-sizing: border-box; margin: 0px; padding: 0px; border: 0px; resize: none; color: rgb(34, 34, 33); font-family: centralesansrndbook; font-size: 15px; line-height: 17px;\">O bloco de l\u00e1tex \u00e9 composto por canais de ventila\u00e7\u00e3o que permitem a livre circula\u00e7\u00e3o do ar, evitando acumula\u00e7\u00e3o de humidades, essencial para um sono sereno e saud\u00e1vel.<br style=\"box-sizing: border-box;\">&nbsp;<br style=\"box-sizing: border-box;\">Ideal para camas articuladas.<br style=\"box-sizing: border-box;\">Bolsa remov\u00edvel e lav\u00e1vel.<\/p>\n<\/td>\n<\/tr>\n<\/tbody>\n<\/table>\n<p style=\"box-sizing: border-box; margin: 0px; padding: 0px; border: 0px; resize: none; color: rgb(34, 34, 33); font-family: centralesansrndbook; font-size: 15px; line-height: 17px;\"><span style=\"color: rgb(34, 34, 33); font-family: centralesansrndbook; font-size: 15px; font-style: normal; font-variant-ligatures: normal; font-variant-caps: normal; font-weight: 400; letter-spacing: normal; orphans: 2; text-align: start; text-indent: 0px; text-transform: none; white-space: normal; widows: 2; word-spacing: 0px; -webkit-text-stroke-width: 0px; background-color: rgb(255, 255, 255); text-decoration-thickness: initial; text-decoration-style: initial; text-decoration-color: initial; display: inline !important; float: none;\"><\/span><\/p>\n<\/td>\n<\/tr>\n<\/tbody>\n<\/table>\n<p><span class=\"tlid-translation translation\" lang=\"en\"><span title=\"\"><br \/>Dimens\u00f5es v\u00e1rias poss\u00edveis.<br \/>Seleccione a medida pretendida, o valor varia consoante a medida. Se n\u00e3o encontrar a medida que necessite contacte-nos. comercial@moveisantunes.com &#8211; 969044261<\/p>\n<p><\/span><\/span><span class=\"tlid-translation translation\" lang=\"en\"><span title=\"\"><\/span><\/span><span class=\"tlid-translation-gender-indicator translation-gender-indicator\"><\/span><span class=\"tlid-trans-verified-button trans-verified-button\" role=\"button\" style=\"display: none;\"><\/span><\/p>\n<p><\/p>\n","protected":false},"excerpt":{"rendered":"<p>Atlantia Latex&nbsp;\u00e9 um colch\u00e3o com n\u00facleo totalmente ortop\u00e9dico em L\u00e1tex Natural de alta densidade, hipo-alerg\u00e9nico e com 7 zonas distintas<\/p>\n","protected":false},"featured_media":10135,"comment_status":"open","ping_status":"closed","template":"","meta":{"_monsterinsights_skip_tracking":false,"_monsterinsights_sitenote_active":false,"_monsterinsights_sitenote_note":"","_monsterinsights_sitenote_category":0},"product_cat":[129],"product_tag":[145,518,517,571],"class_list":{"0":"post-10134","1":"product","2":"type-product","3":"status-publish","4":"has-post-thumbnail","6":"product_cat-colchoes-e-almofadas","7":"product_tag-estrados","8":"product_tag-praticalconfort","9":"product_tag-serenya","10":"product_tag-colchao-atlantia-latex","12":"first","13":"instock","14":"taxable","15":"shipping-taxable","16":"purchasable","17":"product-type-variable"},"aioseo_notices":[],"_links":{"self":[{"href":"https:\/\/moveisantunes.com\/index.php?rest_route=\/wp\/v2\/product\/10134","targetHints":{"allow":["GET"]}}],"collection":[{"href":"https:\/\/moveisantunes.com\/index.php?rest_route=\/wp\/v2\/product"}],"about":[{"href":"https:\/\/moveisantunes.com\/index.php?rest_route=\/wp\/v2\/types\/product"}],"replies":[{"embeddable":true,"href":"https:\/\/moveisantunes.com\/index.php?rest_route=%2Fwp%2Fv2%2Fcomments&post=10134"}],"version-history":[{"count":0,"href":"https:\/\/moveisantunes.com\/index.php?rest_route=\/wp\/v2\/product\/10134\/revisions"}],"wp:featuredmedia":[{"embeddable":true,"href":"https:\/\/moveisantunes.com\/index.php?rest_route=\/wp\/v2\/media\/10135"}],"wp:attachment":[{"href":"https:\/\/moveisantunes.com\/index.php?rest_route=%2Fwp%2Fv2%2Fmedia&parent=10134"}],"wp:term":[{"taxonomy":"product_cat","embeddable":true,"href":"https:\/\/moveisantunes.com\/index.php?rest_route=%2Fwp%2Fv2%2Fproduct_cat&post=10134"},{"taxonomy":"product_tag","embeddable":true,"href":"https:\/\/moveisantunes.com\/index.php?rest_route=%2Fwp%2Fv2%2Fproduct_tag&post=10134"}],"curies":[{"name":"wp","href":"https:\/\/api.w.org\/{rel}","templated":true}]}}