{"id":10780,"date":"2022-12-27T10:48:46","date_gmt":"2022-12-27T10:48:46","guid":{"rendered":"https:\/\/moveisantunes.com\/?post_type=product&#038;p=10780"},"modified":"2026-03-10T11:46:22","modified_gmt":"2026-03-10T11:46:22","slug":"quarto-cr-ii-1301","status":"publish","type":"product","link":"https:\/\/moveisantunes.com\/?product=quarto-cr-ii-1301","title":{"rendered":"Quarto CR II 1301"},"content":{"rendered":"<p>Quarto CR II 1301<\/p>\n<p>Dimens\u00f5es:<br \/>\nCama: L 166 \/ P 2100 \/ A 120 (para colch\u00e3o 195*150, fabricamos noutras medidas)<br \/>\nMesa Cabeceira: L 55 \/ P 36 \/ A 56<br \/>\nC\u00f3moda: L 105 \/ P 50 \/ A 88<br \/>\nEspelho c\u00f3moda: L 93 \/ A 60<br \/>\nEspelho Alto: L 60 \/ A 180<\/p>\n<p>Aproveite para adicionar o estrado e colch\u00e3o \u00e0 sua encomenda.<\/p>\n<p>&nbsp;<\/p>\n","protected":false},"excerpt":{"rendered":"<p>O pre\u00e7o riscado \u00e9 o pre\u00e7o de venda recomendado de mercado.<\/p>\n","protected":false},"featured_media":10781,"comment_status":"open","ping_status":"closed","template":"","meta":{"_monsterinsights_skip_tracking":false,"_monsterinsights_sitenote_active":false,"_monsterinsights_sitenote_note":"","_monsterinsights_sitenote_category":0},"product_cat":[117],"product_tag":[617,616,615,614],"class_list":{"0":"post-10780","1":"product","2":"type-product","3":"status-publish","4":"has-post-thumbnail","6":"product_cat-quartos-casal1647012361","7":"product_tag-camas-economicas","8":"product_tag-camas-modernas","9":"product_tag-quarto-casal","10":"product_tag-quarto-cr","12":"first","13":"instock","14":"sale","15":"taxable","16":"shipping-taxable","17":"purchasable","18":"product-type-variable","19":"has-default-attributes"},"aioseo_notices":[],"_links":{"self":[{"href":"https:\/\/moveisantunes.com\/index.php?rest_route=\/wp\/v2\/product\/10780","targetHints":{"allow":["GET"]}}],"collection":[{"href":"https:\/\/moveisantunes.com\/index.php?rest_route=\/wp\/v2\/product"}],"about":[{"href":"https:\/\/moveisantunes.com\/index.php?rest_route=\/wp\/v2\/types\/product"}],"replies":[{"embeddable":true,"href":"https:\/\/moveisantunes.com\/index.php?rest_route=%2Fwp%2Fv2%2Fcomments&post=10780"}],"version-history":[{"count":4,"href":"https:\/\/moveisantunes.com\/index.php?rest_route=\/wp\/v2\/product\/10780\/revisions"}],"predecessor-version":[{"id":10889,"href":"https:\/\/moveisantunes.com\/index.php?rest_route=\/wp\/v2\/product\/10780\/revisions\/10889"}],"wp:featuredmedia":[{"embeddable":true,"href":"https:\/\/moveisantunes.com\/index.php?rest_route=\/wp\/v2\/media\/10781"}],"wp:attachment":[{"href":"https:\/\/moveisantunes.com\/index.php?rest_route=%2Fwp%2Fv2%2Fmedia&parent=10780"}],"wp:term":[{"taxonomy":"product_cat","embeddable":true,"href":"https:\/\/moveisantunes.com\/index.php?rest_route=%2Fwp%2Fv2%2Fproduct_cat&post=10780"},{"taxonomy":"product_tag","embeddable":true,"href":"https:\/\/moveisantunes.com\/index.php?rest_route=%2Fwp%2Fv2%2Fproduct_tag&post=10780"}],"curies":[{"name":"wp","href":"https:\/\/api.w.org\/{rel}","templated":true}]}}