{"id":11431,"date":"2024-02-29T17:45:30","date_gmt":"2024-02-29T17:45:30","guid":{"rendered":"https:\/\/moveisantunes.com\/?post_type=product&#038;p=11431"},"modified":"2026-02-12T10:38:53","modified_gmt":"2026-02-12T10:38:53","slug":"quarto-m02-2","status":"publish","type":"product","link":"https:\/\/moveisantunes.com\/?product=quarto-m02-2","title":{"rendered":"Quarto M02"},"content":{"rendered":"<p>Quarto de casal Mitus linha moderna, Cama de casal com cabeceira\u00a0 com led lateral, e estofada ao meio (podemos fabricar em v\u00e1rias cores),\u00a0 tudo fabricado em melamina resistente e de manutan\u00e7\u00e3o f\u00e1cil.<\/p>\n<p>As linhas retas e a combina\u00e7\u00e3o de cores oferecem um design simples e contempor\u00e2neo, o efeito suspenso confere uma est\u00e9tica mais elegante e moderna e a combina\u00e7\u00e3o de materiais e estofado criam uma liga\u00e7\u00e3o equilibrada;<\/p>\n","protected":false},"excerpt":{"rendered":"<p>Quarto M02<\/p>\n<p>Dimens\u00f5es:<\/p>\n<p>Cama: L 200 \/ A 120 \/ P 2206 (colch\u00e3o 1.95\u00d7150)<br \/>\nMesa Cabeceira: L 55 \/ A 50 \/ P 40<br \/>\nEspelho: L 95 \/ A 90 \/ P 20<br \/>\nC\u00f4moda: L 110 \/ A 88 \/ P 48<br \/>\nCamiseiro: L 60 \/ A 113 \/ P 45<\/p>\n<p>V\u00e1rias cores ou combina\u00e7\u00f5es de cores dispon\u00edveis. O Pre\u00e7o inclui apenas a cama.<br \/>\nAproveite para adicionar estrado e colch\u00e3o \u00e0 sua encomenda.<\/p>\n","protected":false},"featured_media":11443,"comment_status":"open","ping_status":"closed","template":"","meta":{"_monsterinsights_skip_tracking":false,"_monsterinsights_sitenote_active":false,"_monsterinsights_sitenote_note":"","_monsterinsights_sitenote_category":0},"product_cat":[117],"product_tag":[],"class_list":{"0":"post-11431","1":"product","2":"type-product","3":"status-publish","4":"has-post-thumbnail","6":"product_cat-quartos-casal1647012361","8":"first","9":"onbackorder","10":"sale","11":"taxable","12":"shipping-taxable","13":"purchasable","14":"product-type-variable"},"aioseo_notices":[],"_links":{"self":[{"href":"https:\/\/moveisantunes.com\/index.php?rest_route=\/wp\/v2\/product\/11431","targetHints":{"allow":["GET"]}}],"collection":[{"href":"https:\/\/moveisantunes.com\/index.php?rest_route=\/wp\/v2\/product"}],"about":[{"href":"https:\/\/moveisantunes.com\/index.php?rest_route=\/wp\/v2\/types\/product"}],"replies":[{"embeddable":true,"href":"https:\/\/moveisantunes.com\/index.php?rest_route=%2Fwp%2Fv2%2Fcomments&post=11431"}],"version-history":[{"count":3,"href":"https:\/\/moveisantunes.com\/index.php?rest_route=\/wp\/v2\/product\/11431\/revisions"}],"predecessor-version":[{"id":14966,"href":"https:\/\/moveisantunes.com\/index.php?rest_route=\/wp\/v2\/product\/11431\/revisions\/14966"}],"wp:featuredmedia":[{"embeddable":true,"href":"https:\/\/moveisantunes.com\/index.php?rest_route=\/wp\/v2\/media\/11443"}],"wp:attachment":[{"href":"https:\/\/moveisantunes.com\/index.php?rest_route=%2Fwp%2Fv2%2Fmedia&parent=11431"}],"wp:term":[{"taxonomy":"product_cat","embeddable":true,"href":"https:\/\/moveisantunes.com\/index.php?rest_route=%2Fwp%2Fv2%2Fproduct_cat&post=11431"},{"taxonomy":"product_tag","embeddable":true,"href":"https:\/\/moveisantunes.com\/index.php?rest_route=%2Fwp%2Fv2%2Fproduct_tag&post=11431"}],"curies":[{"name":"wp","href":"https:\/\/api.w.org\/{rel}","templated":true}]}}