{"id":11553,"date":"2024-03-19T10:25:53","date_gmt":"2024-03-19T10:25:53","guid":{"rendered":"https:\/\/moveisantunes.com\/?post_type=product&#038;p=11553"},"modified":"2024-03-19T10:27:31","modified_gmt":"2024-03-19T10:27:31","slug":"topper-vintage-lux-supreme","status":"publish","type":"product","link":"https:\/\/moveisantunes.com\/?product=topper-vintage-lux-supreme","title":{"rendered":"Topper VINTAGE LUX Supreme"},"content":{"rendered":"<p>Um produto natural, combinado com t\u00e9cnicas de fabrico tradicionais, que proporcionam um descanso \u00fanico. Simbiose perfeita entre as caracter\u00edsticas do sistema de molas ensacadas honeycomb e as mat\u00e9rias primas mais nobres e naturais, aumentando o conforto e a adaptabilidade. Proporcionando uma ergonomia insuper\u00e1vel, que melhora o descanso, criando um produto \u00fanico e exclusivo.<br \/>\nEste Topper tem a seguinte constitui\u00e7\u00e3o:<br \/>\n-Tecido strecht<br \/>\n-Fibras quelf<br \/>\n-l\u00e3 100% natural<br \/>\n-Placa eliocel super suave<br \/>\n-Fibras quelf<br \/>\n-algod\u00e3o 100% natural<br \/>\n-Fibras quelf<br \/>\n-Tecido strecht<br \/>\nAltura 12 cm<\/p>\n","protected":false},"excerpt":{"rendered":"<p>O valor riscado \u00e9 o pre\u00e7o recomendado de mercado.<\/p>\n<p>Topper VINTAGE LUX Supreme<br \/>\nPremium Sleep. Inspirado na NATUREZA, feito \u00e0 m\u00e3o com a qualidade inerente do Grupo Mindol Mindoflex!<br \/>\nA l\u00e3 e o algod\u00e3o s\u00e3o fibra naturais, com uma alta capacidade de absorver e libertar a humidade.<br \/>\nA sua excelente moldabilidade transforma-o numa fonte garantida de conforto.<\/p>\n<p>Nota &#8211; As cores e medidas poder\u00e3o variar um 5% das apresentadas na foto.<br \/>\nTempo de envio : Entre 15 a 20 dias <\/p>\n","protected":false},"featured_media":11563,"comment_status":"open","ping_status":"closed","template":"","meta":{"_monsterinsights_skip_tracking":false,"_monsterinsights_sitenote_active":false,"_monsterinsights_sitenote_note":"","_monsterinsights_sitenote_category":0},"product_cat":[129],"product_tag":[],"class_list":{"0":"post-11553","1":"product","2":"type-product","3":"status-publish","4":"has-post-thumbnail","6":"product_cat-colchoes-e-almofadas","8":"first","9":"onbackorder","10":"sale","11":"taxable","12":"shipping-taxable","13":"purchasable","14":"product-type-variable"},"aioseo_notices":[],"_links":{"self":[{"href":"https:\/\/moveisantunes.com\/index.php?rest_route=\/wp\/v2\/product\/11553","targetHints":{"allow":["GET"]}}],"collection":[{"href":"https:\/\/moveisantunes.com\/index.php?rest_route=\/wp\/v2\/product"}],"about":[{"href":"https:\/\/moveisantunes.com\/index.php?rest_route=\/wp\/v2\/types\/product"}],"replies":[{"embeddable":true,"href":"https:\/\/moveisantunes.com\/index.php?rest_route=%2Fwp%2Fv2%2Fcomments&post=11553"}],"version-history":[{"count":3,"href":"https:\/\/moveisantunes.com\/index.php?rest_route=\/wp\/v2\/product\/11553\/revisions"}],"predecessor-version":[{"id":11566,"href":"https:\/\/moveisantunes.com\/index.php?rest_route=\/wp\/v2\/product\/11553\/revisions\/11566"}],"wp:featuredmedia":[{"embeddable":true,"href":"https:\/\/moveisantunes.com\/index.php?rest_route=\/wp\/v2\/media\/11563"}],"wp:attachment":[{"href":"https:\/\/moveisantunes.com\/index.php?rest_route=%2Fwp%2Fv2%2Fmedia&parent=11553"}],"wp:term":[{"taxonomy":"product_cat","embeddable":true,"href":"https:\/\/moveisantunes.com\/index.php?rest_route=%2Fwp%2Fv2%2Fproduct_cat&post=11553"},{"taxonomy":"product_tag","embeddable":true,"href":"https:\/\/moveisantunes.com\/index.php?rest_route=%2Fwp%2Fv2%2Fproduct_tag&post=11553"}],"curies":[{"name":"wp","href":"https:\/\/api.w.org\/{rel}","templated":true}]}}