{"id":14222,"date":"2025-04-11T08:38:25","date_gmt":"2025-04-11T08:38:25","guid":{"rendered":"https:\/\/moveisantunes.com\/?post_type=product&#038;p=14222"},"modified":"2025-04-11T08:41:20","modified_gmt":"2025-04-11T08:41:20","slug":"sofa-cama-majm425","status":"publish","type":"product","link":"https:\/\/moveisantunes.com\/?product=sofa-cama-majm425","title":{"rendered":"Sof\u00e1 cama MAJM425"},"content":{"rendered":"<p>Sof\u00e1 cama MAJM425<\/p>\n<p>Dimens\u00f5es:<br \/>\nSof\u00e1 cama 3L : L 181 \/ P 108\/195 \/ A 91<\/p>\n<p>Fabricamos em v\u00e1rios tipos de tecido e cores diferentes. Podemos fabricar por medida.<\/p>\n<p>&nbsp;<\/p>\n","protected":false},"excerpt":{"rendered":"<p>Sof\u00e1 cama MAJM425 Dimens\u00f5es: Sof\u00e1 cama 3L : L 181 \/ P 108\/195 \/ A 91 Fabricamos em v\u00e1rios tipos<\/p>\n","protected":false},"featured_media":14223,"comment_status":"open","ping_status":"closed","template":"","meta":{"_monsterinsights_skip_tracking":false,"_monsterinsights_sitenote_active":false,"_monsterinsights_sitenote_note":"","_monsterinsights_sitenote_category":0},"product_cat":[130],"product_tag":[],"class_list":{"0":"post-14222","1":"product","2":"type-product","3":"status-publish","4":"has-post-thumbnail","6":"product_cat-sofas1647012387","8":"first","9":"onbackorder","10":"sale","11":"taxable","12":"shipping-taxable","13":"purchasable","14":"product-type-simple"},"aioseo_notices":[],"_links":{"self":[{"href":"https:\/\/moveisantunes.com\/index.php?rest_route=\/wp\/v2\/product\/14222","targetHints":{"allow":["GET"]}}],"collection":[{"href":"https:\/\/moveisantunes.com\/index.php?rest_route=\/wp\/v2\/product"}],"about":[{"href":"https:\/\/moveisantunes.com\/index.php?rest_route=\/wp\/v2\/types\/product"}],"replies":[{"embeddable":true,"href":"https:\/\/moveisantunes.com\/index.php?rest_route=%2Fwp%2Fv2%2Fcomments&post=14222"}],"version-history":[{"count":1,"href":"https:\/\/moveisantunes.com\/index.php?rest_route=\/wp\/v2\/product\/14222\/revisions"}],"predecessor-version":[{"id":14225,"href":"https:\/\/moveisantunes.com\/index.php?rest_route=\/wp\/v2\/product\/14222\/revisions\/14225"}],"wp:featuredmedia":[{"embeddable":true,"href":"https:\/\/moveisantunes.com\/index.php?rest_route=\/wp\/v2\/media\/14223"}],"wp:attachment":[{"href":"https:\/\/moveisantunes.com\/index.php?rest_route=%2Fwp%2Fv2%2Fmedia&parent=14222"}],"wp:term":[{"taxonomy":"product_cat","embeddable":true,"href":"https:\/\/moveisantunes.com\/index.php?rest_route=%2Fwp%2Fv2%2Fproduct_cat&post=14222"},{"taxonomy":"product_tag","embeddable":true,"href":"https:\/\/moveisantunes.com\/index.php?rest_route=%2Fwp%2Fv2%2Fproduct_tag&post=14222"}],"curies":[{"name":"wp","href":"https:\/\/api.w.org\/{rel}","templated":true}]}}