{"id":14851,"date":"2025-09-21T06:45:01","date_gmt":"2025-09-21T06:45:01","guid":{"rendered":"https:\/\/moveisantunes.com\/?post_type=product&#038;p=14851"},"modified":"2025-09-21T06:53:21","modified_gmt":"2025-09-21T06:53:21","slug":"mesa-de-centro-aq02","status":"publish","type":"product","link":"https:\/\/moveisantunes.com\/?product=mesa-de-centro-aq02","title":{"rendered":"Mesa de Centro AQ02"},"content":{"rendered":"<p>Mesa de Centro AQ02<\/p>\n<p>Mesa de Centro Aqua 02, uma mesa de centro de design minimalista elegante, que combina a qualidade, design e pre\u00e7o.\u00a0 Composta por dois blocos abertos com tampo sobreposto. Temos v\u00e1rios acabamentos dispon\u00edveis para poder personalizar a sua mesa de centro ao seu gosto.<br \/>\nPara outras informa\u00e7\u00f5es, por favor, contacte-nos.<\/p>\n","protected":false},"excerpt":{"rendered":"<p>O pre\u00e7o riscado \u00e9 o pre\u00e7o de venda recomendado de mercado.<\/p>\n<p>Dimens\u00f5es: L 100 \/ P 60 \/ A 29<\/p>\n<p>Mesa de centro de design minimalista elegante, que combina a qualidade, design e pre\u00e7o. Composta por dois blocos abertos com tampo sobreposto. Temos v\u00e1rios acabamentos dispon\u00edveis para poder personalizar a sua mesa de centro ao seu gosto.<\/p>\n<p>Disponibilidade prevista entre 4 a 6 semanas.<\/p>\n<p>Acabamentos da foto, Estrutura <strong>P\u00e9rola Suave<\/strong>, Pormenor <strong>Nogueira Siroko.<\/strong><\/p>\n<p>Seleccione os acabamentos que pretende para poder avan\u00e7ar com a sua encomenda.<\/p>\n<p>&nbsp;<\/p>\n<p>&nbsp;<\/p>\n","protected":false},"featured_media":14860,"comment_status":"open","ping_status":"closed","template":"","meta":{"_monsterinsights_skip_tracking":false,"_monsterinsights_sitenote_active":false,"_monsterinsights_sitenote_note":"","_monsterinsights_sitenote_category":0},"product_cat":[124,15],"product_tag":[],"class_list":{"0":"post-14851","1":"product","2":"type-product","3":"status-publish","4":"has-post-thumbnail","6":"product_cat-mesa-de-centro","7":"product_cat-sem-categoria","9":"first","10":"onbackorder","11":"sale","12":"taxable","13":"shipping-taxable","14":"purchasable","15":"product-type-variable"},"aioseo_notices":[],"_links":{"self":[{"href":"https:\/\/moveisantunes.com\/index.php?rest_route=\/wp\/v2\/product\/14851","targetHints":{"allow":["GET"]}}],"collection":[{"href":"https:\/\/moveisantunes.com\/index.php?rest_route=\/wp\/v2\/product"}],"about":[{"href":"https:\/\/moveisantunes.com\/index.php?rest_route=\/wp\/v2\/types\/product"}],"replies":[{"embeddable":true,"href":"https:\/\/moveisantunes.com\/index.php?rest_route=%2Fwp%2Fv2%2Fcomments&post=14851"}],"version-history":[{"count":3,"href":"https:\/\/moveisantunes.com\/index.php?rest_route=\/wp\/v2\/product\/14851\/revisions"}],"predecessor-version":[{"id":14861,"href":"https:\/\/moveisantunes.com\/index.php?rest_route=\/wp\/v2\/product\/14851\/revisions\/14861"}],"wp:featuredmedia":[{"embeddable":true,"href":"https:\/\/moveisantunes.com\/index.php?rest_route=\/wp\/v2\/media\/14860"}],"wp:attachment":[{"href":"https:\/\/moveisantunes.com\/index.php?rest_route=%2Fwp%2Fv2%2Fmedia&parent=14851"}],"wp:term":[{"taxonomy":"product_cat","embeddable":true,"href":"https:\/\/moveisantunes.com\/index.php?rest_route=%2Fwp%2Fv2%2Fproduct_cat&post=14851"},{"taxonomy":"product_tag","embeddable":true,"href":"https:\/\/moveisantunes.com\/index.php?rest_route=%2Fwp%2Fv2%2Fproduct_tag&post=14851"}],"curies":[{"name":"wp","href":"https:\/\/api.w.org\/{rel}","templated":true}]}}