{"id":9039,"date":"2019-09-17T16:49:38","date_gmt":"2019-09-17T16:49:38","guid":{"rendered":"https:\/\/moveisantunes.com\/?product=hall-507"},"modified":"2019-09-18T08:52:06","modified_gmt":"2019-09-18T08:52:06","slug":"hall-507","status":"publish","type":"product","link":"https:\/\/moveisantunes.com\/?product=hall-507","title":{"rendered":"Hall 507"},"content":{"rendered":"<p style=\"background-color: transparent; box-sizing: border-box; font-family: &amp;quot;Open Sans&amp;quot;,sans-serif; font-size: 13px; font-style: normal; font-variant: normal; font-weight: 400; letter-spacing: normal; margin-bottom: 9px; margin-left: 0px; margin-right: 0px; margin-top: 0px; orphans: 2; text-align: left; text-decoration: none; text-indent: 0px; text-transform: none; -webkit-text-stroke-width: 0px; white-space: normal; word-spacing: 0px;\">Hall 507<br \/><br style=\"box-sizing: border-box;\">\t\tDimens\u00f5es:<br style=\"box-sizing: border-box;\">\t\tHall com espelho: L 50 \/ P 35 \/ A 180<br style=\"box-sizing: border-box;\">Sapateira estreita: L 52 \/ P 28 \/ A 115<\/p>\n<p style=\"background-color: transparent; box-sizing: border-box; font-family: &amp;quot;Open Sans&amp;quot;,sans-serif; font-size: 13px; font-style: normal; font-variant: normal; font-weight: 400; letter-spacing: normal; margin-bottom: 9px; margin-left: 0px; margin-right: 0px; margin-top: 0px; orphans: 2; text-align: left; text-decoration: none; text-indent: 0px; text-transform: none; -webkit-text-stroke-width: 0px; white-space: normal; word-spacing: 0px;\">O valor inclui o Hall com espelho, caso pretenda a sapateira estreita basta&nbsp; adicionar\/seleccionar nas op\u00e7\u00f5es. V\u00e1rios acabamentos dispon\u00edveis.<\/p>\n<p><b><\/b><i><\/i><u><\/u><sub><\/sub><sup><\/sup><strike><\/strike><\/p>\n","protected":false},"excerpt":{"rendered":"<p>Hall 507 Dimens\u00f5es: Hall com espelho: L 50 \/ P 35 \/ A 180Sapateira estreita: L 52 \/ P 28<\/p>\n","protected":false},"featured_media":9040,"comment_status":"open","ping_status":"closed","template":"","meta":{"_monsterinsights_skip_tracking":false,"_monsterinsights_sitenote_active":false,"_monsterinsights_sitenote_note":"","_monsterinsights_sitenote_category":0},"product_cat":[123],"product_tag":[282],"class_list":{"0":"post-9039","1":"product","2":"type-product","3":"status-publish","4":"has-post-thumbnail","6":"product_cat-credencias-e-consolas","7":"product_tag-hall-507","9":"first","10":"instock","11":"taxable","12":"shipping-taxable","13":"purchasable","14":"product-type-variable"},"aioseo_notices":[],"_links":{"self":[{"href":"https:\/\/moveisantunes.com\/index.php?rest_route=\/wp\/v2\/product\/9039","targetHints":{"allow":["GET"]}}],"collection":[{"href":"https:\/\/moveisantunes.com\/index.php?rest_route=\/wp\/v2\/product"}],"about":[{"href":"https:\/\/moveisantunes.com\/index.php?rest_route=\/wp\/v2\/types\/product"}],"replies":[{"embeddable":true,"href":"https:\/\/moveisantunes.com\/index.php?rest_route=%2Fwp%2Fv2%2Fcomments&post=9039"}],"version-history":[{"count":0,"href":"https:\/\/moveisantunes.com\/index.php?rest_route=\/wp\/v2\/product\/9039\/revisions"}],"wp:featuredmedia":[{"embeddable":true,"href":"https:\/\/moveisantunes.com\/index.php?rest_route=\/wp\/v2\/media\/9040"}],"wp:attachment":[{"href":"https:\/\/moveisantunes.com\/index.php?rest_route=%2Fwp%2Fv2%2Fmedia&parent=9039"}],"wp:term":[{"taxonomy":"product_cat","embeddable":true,"href":"https:\/\/moveisantunes.com\/index.php?rest_route=%2Fwp%2Fv2%2Fproduct_cat&post=9039"},{"taxonomy":"product_tag","embeddable":true,"href":"https:\/\/moveisantunes.com\/index.php?rest_route=%2Fwp%2Fv2%2Fproduct_tag&post=9039"}],"curies":[{"name":"wp","href":"https:\/\/api.w.org\/{rel}","templated":true}]}}