{"id":9767,"date":"2020-06-11T08:30:24","date_gmt":"2020-06-11T08:30:24","guid":{"rendered":"https:\/\/moveisantunes.com\/?product=pack-cama-1"},"modified":"2023-01-13T16:13:10","modified_gmt":"2023-01-13T16:13:10","slug":"pack-cama-1","status":"publish","type":"product","link":"https:\/\/moveisantunes.com\/?product=pack-cama-1","title":{"rendered":"Pack Cama 1"},"content":{"rendered":"<p>Pack Cama 1<\/p>\n<p>Cama + estrado + colch\u00e3o (oferta) + 2 almofadas.<\/p>\n<p>Dimens\u00f5es: (colch\u00e3o 190*140)<\/p>\n<p>Nota: Seleccione a op\u00e7\u00e3o das cores que pretende.<\/p>\n<p>Podemos fabricar noutros tecidos e noutras cores ou mediante consulta.<\/p>\n<p>&nbsp;<\/p>\n<p>&nbsp;<\/p>\n","protected":false},"excerpt":{"rendered":"<p>Pack Cama 1 Cama + estrado + colch\u00e3o (oferta) + 2 almofadas. Dimens\u00f5es: (colch\u00e3o 190*140) Nota: Seleccione a op\u00e7\u00e3o das<\/p>\n","protected":false},"featured_media":9768,"comment_status":"open","ping_status":"closed","template":"","meta":{"_monsterinsights_skip_tracking":false,"_monsterinsights_sitenote_active":false,"_monsterinsights_sitenote_note":"","_monsterinsights_sitenote_category":0},"product_cat":[117,128],"product_tag":[456,457,458,455],"class_list":{"0":"post-9767","1":"product","2":"type-product","3":"status-publish","4":"has-post-thumbnail","6":"product_cat-quartos-casal1647012361","7":"product_cat-estrados-e-somier","8":"product_tag-pack-cama-1","9":"product_tag-pack-cama-estofada-1","10":"product_tag-pack-cama-orlando","11":"product_tag-cama-estofada","13":"first","14":"instock","15":"taxable","16":"shipping-taxable","17":"purchasable","18":"product-type-variable"},"aioseo_notices":[],"_links":{"self":[{"href":"https:\/\/moveisantunes.com\/index.php?rest_route=\/wp\/v2\/product\/9767","targetHints":{"allow":["GET"]}}],"collection":[{"href":"https:\/\/moveisantunes.com\/index.php?rest_route=\/wp\/v2\/product"}],"about":[{"href":"https:\/\/moveisantunes.com\/index.php?rest_route=\/wp\/v2\/types\/product"}],"replies":[{"embeddable":true,"href":"https:\/\/moveisantunes.com\/index.php?rest_route=%2Fwp%2Fv2%2Fcomments&post=9767"}],"version-history":[{"count":2,"href":"https:\/\/moveisantunes.com\/index.php?rest_route=\/wp\/v2\/product\/9767\/revisions"}],"predecessor-version":[{"id":10812,"href":"https:\/\/moveisantunes.com\/index.php?rest_route=\/wp\/v2\/product\/9767\/revisions\/10812"}],"wp:featuredmedia":[{"embeddable":true,"href":"https:\/\/moveisantunes.com\/index.php?rest_route=\/wp\/v2\/media\/9768"}],"wp:attachment":[{"href":"https:\/\/moveisantunes.com\/index.php?rest_route=%2Fwp%2Fv2%2Fmedia&parent=9767"}],"wp:term":[{"taxonomy":"product_cat","embeddable":true,"href":"https:\/\/moveisantunes.com\/index.php?rest_route=%2Fwp%2Fv2%2Fproduct_cat&post=9767"},{"taxonomy":"product_tag","embeddable":true,"href":"https:\/\/moveisantunes.com\/index.php?rest_route=%2Fwp%2Fv2%2Fproduct_tag&post=9767"}],"curies":[{"name":"wp","href":"https:\/\/api.w.org\/{rel}","templated":true}]}}